27?
11
Let v(s) = 2*s**2 + 16*s - 18. Let c be v(-9). Suppose c = -0*o - 3*o + 114. Let y = -378 + 529. What is the remainder when y is divided by o?
37
Let c(v) = -3*v**2 - 288*v - 3414. Let b = -179 - -279. What is the remainder when b is divided by c(-82)?
10
Suppose 7*d - 1357 = 2*y, 703 + 292 = 5*d + 5*y. Let v(q) = q**2 + q + 7. What is the remainder when d is divided by v(6)?
48
Let s be 2*(-2)/(165/51 - 3). Let i = 157 - s. Suppose -261 = -5*z + i. What is the remainder when z is divided by 22?
21
Suppose 58*p - 710 = -2*c + 57*p, 2*c + 3*p - 706 = 0. What is the remainder when c is divided by 33?
26
Let z(f) = 18*f + 1107. Calculate the remainder when 1700 is divided by z(-38).
8
Suppose -5*t + 737 = d, -8*t - 5*d + 281 = -6*t. Suppose 0 = 11*o - t - 534. Let l(s) = -s**3 + 5*s**2 - s + 4. What is the remainder when o is divided by l(4)?
14
Suppose -308*f + 4057 + 1321 - 1682 = 0. What is the remainder when (-2)/(-2) + 33*17 is divided by f?
10
What is the remainder when 1/(303/151 + -2) is divided by ((-30)/8)/((-7)/4)*21?
16
Suppose -36*t - 37*t + 10112 = -9*t. What is the remainder when 7898 is divided by t?
156
Let u(o) = o**2 - 48*o - 173. Let w = 150 + -88. Calculate the remainder when w is divided by u(-4).
27
Suppose -j + 5*c = 1, 14*c - 15*c - 34 = -4*j. Calculate the remainder when (0 - (-4)/4)*57 is divided by j.
3
Let k(l) = 754*l**2 + 48*l + 13. Let g be k(4). Suppose g = 63*x - 14632. What is the remainder when x is divided by 107?
106
Let l(v) = -338*v**2 - 9*v + 8. Let j be l(1). Let a = -334 - j. What is the remainder when a is divided by 2?
1
Let i be (-9)/(-4) + 52/(-16) + 4. Suppose 98 + 148 = -3*x - i*m, 5*m = -25. Let v = -72 - x. Calculate the remainder when 13 is divided by v.
3
Suppose -2*r + 24 = 2*v - 172, 0 = -3*v + 6. What is the remainder when 173 is divided by r?
77
Let g = 2796 + -2787. Calculate the remainder when g is divided by 3.
0
Suppose c - 5*z = 140, 152*c = 156*c - 2*z - 470. What is the remainder when 342 is divided by c?
112
Let j(t) be the second derivative of -t**5/20 + 5*t**4/6 - 2*t**3 + 33*t**2/2 - 67*t. What is the remainder when (-2)/(-2) + 19/1 is divided by j(9)?
2
Let x(s) = 2*s**3 - 4*s**2 - 2*s + 3. Let c be x(3). Calculate the remainder when 37 is divided by c*7*4/42.
7
Suppose 5*d - 7977 - 8081 = 4*x, -5*d = -5*x - 16055. What is the remainder when d is divided by 1064?
22
Let p = -3991 + 4065. What is the remainder when p is divided by 28?
18
Suppose 0 = -45*p + 31616 + 21034. Calculate the remainder when p is divided by 130.
0
Suppose -5*y + 78 = -2*y. Suppose 16*r + 4968 = -2*r. Let n = -262 - r. Calculate the remainder when y is divided by n.
12
Suppose 0 = -17*g + 4*g - 39. Let l(c) = -c**3 + 2*c**2 + 5*c - 2. What is the remainder when l(g) is divided by 19?
9
Suppose 2*l - l + 4*j - 42 = 0, 0 = -3*l - 4*j + 110. What is the remainder when (-3 + 10/8)/(4/(-240)*1) is divided by l?
3
Let d = -32 - -66. Let a = 75 + -70. Suppose -17*n + 88 = a*n. What is the remainder when d is divided by n?
2
Let w(i) = 18*i**2 - 6*i + 469. Calculate the remainder when 478 is divided by w(0).
9
Suppose -30*r - 5*a + 46 = -26*r, -r - 6*a - 17 = 0. Calculate the remainder when 549 is divided by r.
17
Let o be (-6)/27 + 1/(-18)*-4. Suppose -21*l + 19*l + 36 = o. Let z = 31 - l. Calculate the remainder when 37 is divided by z.
11
Let q = 5636 + -3447. What is the remainder when q is divided by 122?
115
What is the remainder when 166 is divided by (336/224 - (-14)/(-8)) + (-207)/(-12)?
13
Let b(h) = -h**3 - 6*h**2 + 10*h + 21. Let s be b(-7). Suppose 0 = -s*x - 8*x + 552. Let q = x + -50. What is the remainder when 74 is divided by q?
17
Let k = -21 + 30. Suppose 0 = -2*t - k + 5. Let f(p) = 4*p**2 + 7*p + 14. What is the remainder when 47 is divided by f(t)?
15
Suppose g + 4 = 3*p + 38, 0 = g + p - 38. Calculate the remainder when g is divided by -4 - 4/(-32)*-4*-22.
2
Suppose 921 = 2*u - 2*t - 15, t + 1863 = 4*u. Calculate the remainder when u is divided by 5.
0
Let u = 165 + 845. Calculate the remainder when u is divided by 56.
2
Let n(x) = 9*x + 6. Let y be 0 + 6 + -2 - -2. Let g be n(y). Suppose -3*o + g = 3*o. Calculate the remainder when o is divided by 2.
0
Suppose -42*q = -1523 - 1994 - 4337. Calculate the remainder when 469 is divided by q.
95
Suppose 2*v - 214*h - 68 = -211*h, 3*h + 96 = 3*v. What is the remainder when 3680 is divided by v?
12
Suppose 41*y - 244*y = -46*y - 2355. Suppose 22 + 194 = 4*q. Suppose 2*m + 2*i = i + q, 62 = 2*m + 5*i. Calculate the remainder when m is divided by y.
11
Suppose -3*j - 4*w - 3 = 5, -3*j - 32 = -2*w. Calculate the remainder when (-2)/(j/22*(-1)/(-4)) is divided by 15.
7
Suppose -19*m + 390 = -10*m + 17*m. What is the remainder when 614 is divided by m?
14
Suppose -5*j - 33 = -2*d - 10, -19 = -2*d + j. Suppose -4*x - 5*a = -53 - 6, -2*x = -4*a - 62. What is the remainder when x is divided by d?
3
Let u = 2421 - 2330. Calculate the remainder when u is divided by (3*8)/(12/8).
11
Let t = -11841 + 11867. Calculate the remainder when 419 is divided by t.
3
Let w(x) = -51*x - 77. Let i be w(-9). Let t = -303 + i. What is the remainder when t is divided by ((-136)/(-12))/(2/3)?
11
Let w be 168/(-30) - (2 + (-24)/15). Let r(g) = -19*g + 28. Calculate the remainder when r(w) is divided by 8.
6
Let h = -1049 - -22047. What is the remainder when h is divided by 6?
4
Let s = -525 + 534. Calculate the remainder when 497 is divided by s.
2
Suppose -86 - 13 = -11*j. Calculate the remainder when 22 is divided by j.
4
Calculate the remainder when (-204)/561 - 245008/(-44) is divided by 199.
195
Suppose 113*y + 4*y - 47233 = -32*y. What is the remainder when y is divided by 55?
42
What is the remainder when (-2)/(23060/3845 - 6) is divided by 47?
17
Suppose z - 6*z - 750 = 0. Let b = 154 + z. What is the remainder when 82/6 + 4/12 is divided by b?
2
What is the remainder when (2/(-18)*-9)/(2775/(-695) + 4) is divided by 45?
4
Calculate the remainder when (104/4)/((-2808)/6188 - (-8)/14) is divided by 23.
14
Let d be (-53 + 181)/(-1 - -3). Suppose -8*l + 248 = -d. What is the remainder when 79 is divided by l?
1
Let t(g) = 2*g**2 - 17*g - 49. Let p be t(-11). Suppose -18*w + 232 = -p. Calculate the remainder when 95 is divided by w.
27
Suppose 13*w - 20*w = -1470. Suppose 15*c - w = c. Let a = -36 - -80. What is the remainder when a is divided by c?
14
Let t(j) = -226*j + 257. What is the remainder when 1016 is divided by t(0)?
245
Let t(g) = g + 3. Suppose v - n = -11, -2*v + 4*n - 54 = 3*v. Calculate the remainder when (-2)/((-4)/v*(-35)/21) is divided by t(-2).
0
Suppose 55 = -13*v + 8*v. Let z be (-46)/v - (-32)/(-176). Calculate the remainder when 54 is divided by 2 + 68/z + 1.
14
Suppose -3*p = -5 - 7. Suppose 322 = p*q + 86. Let n = -26 + 38. Calculate the remainder when q is divided by n.
11
Suppose 0 = 2*z - 3*q - 805, 4*q + 74 = 78. What is the remainder when z is divided by 69?
59
Let s = 48 - 24. Suppose 12*v = 6*v - s. Calculate the remainder when v/3*(-31 + 1) is divided by 14.
12
Let y(v) = -37*v - 188. Calculate the remainder when 616 is divided by y(-6).
4
Let w = 4133 - 4043. What is the remainder when 277 is divided by w?
7
Suppose 362*m - 877*m + 74032 = 814*m + 8911. What is the remainder when m is divided by (6/8)/((-1)/(-12))?
4
Suppose -522*n + 498 = -520*n. What is the remainder when 521 is divided by n?
23
Calculate the remainder when 1707 is divided by (2 + 198/(-4))*(-152)/380.
16
Let w(s) = -2*s - 17. Let t be w(-10). Let b = t - -17. Suppose 0 = -5*j + 5*r + 305, 14*r + 10 = 12*r. What is the remainder when j is divided by b?
16
Let z = 18 + 3. Let u(f) = -3*f**3 - 2*f**2 - 4. Let v be u(-2). Suppose -11 = -v*d + 11*d. What is the remainder when z is divided by d?
10
Suppose -3*h - 487 = -610. Suppose 0 = 4*o + 5*v - h, -2*o + o = 2*v - 8. Calculate the remainder when 1018 is divided by o.
10
Suppose 4*z - 3*u = -33 + 119, 2*u - 5 = -z. Calculate the remainder when 998 is divided by z.
12
Suppose -105 = -9*l + 156. Calculate the remainder when 53 + -1 + 0 - 0 is divided by l.
23
Suppose 3*s + 2*t - 145 = -0*t, 2*s - t - 99 = 0. Let r(a) = -5*a - 87. What is the remainder when s is divided by r(-23)?
21
Let h be (-92)/(-12) + -2 